e c(-32).
-264
Let z(u) = 8*u**2 - 955*u - 1593. Determine z(121).
-20
Let s(h) = 189*h + 1885. Give s(-10).
-5
Let j(x) = -322*x + 1960. Give j(6).
28
Let s(o) = -2*o**3 + 12*o**2 - 20*o + 1. Give s(2).
-7
Let v(w) = -247*w**3 + 3*w**2 + 4*w + 1. Determine v(-1).
247
Let v(t) = t**3 - 92*t**2 - 91*t + 103. Give v(93).
289
Let j(o) = 11*o**2 + 308*o - 51. Give j(-28).
-51
Let y(j) = -3*j - 99. Calculate y(-9).
-72
Let k(j) = -j**2 - 35*j - 68. Give k(-33).
-2
Let m(j) = -146*j + 4953. Give m(34).
-11
Let y(s) = -4*s**2 - 169*s - 1294. Give y(-10).
-4
Let r(g) = -225*g - 5404. Give r(-24).
-4
Let u(z) = -64476*z + 2. What is u(0)?
2
Let d(n) = -464*n + 1407. Determine d(3).
15
Let n(x) = 1931*x - 5772. Calculate n(3).
21
Let d(c) = -c**3 + 10*c**2 + 21*c - 16. Calculate d(13).
-250
Let x(p) = p**3 + 41*p**2 - 181*p - 64. Calculate x(-45).
-19
Let g(j) = -2*j**2 + 106*j - 111. Determine g(52).
-7
Let q(u) = -u**3 - 42*u**2 - 79*u + 7. Calculate q(-40).
-33
Let a(d) = 1512*d - 7556. Calculate a(5).
4
Let h(q) = -6490*q + 38938. What is h(6)?
-2
Let n(b) = 3*b**2 - 363*b - 2692. Calculate n(-7).
-4
Let r(t) = -693*t - 17356. Calculate r(-25).
-31
Let d(l) = -l**3 + 58*l**2 + 182*l + 80. Determine d(61).
19
Let k(f) = 1119*f + 6720. Determine k(-6).
6
Let d(l) = -l**3 - 41*l**2 + 29*l + 1187. Calculate d(-41).
-2
Let p(n) = 13*n + 445. Give p(-26).
107
Let k(m) = -2913*m - 34968. Calculate k(-12).
-12
Let h(y) = -y**3 + 2*y**2 + 43*y + 16. Give h(0).
16
Let a(b) = -35*b + 23. Calculate a(-1).
58
Let h(p) = -2*p**3 - 44*p**2 - 186*p + 36. Give h(-16).
-60
Let z(i) = -273*i - 2945. Calculate z(-11).
58
Let j(z) = -250*z**2 + 1500*z - 7. Calculate j(6).
-7
Let s(o) = -6*o**3 + o**2 - 25*o + 25. Determine s(1).
-5
Let h(g) = 513*g + 1568. Calculate h(-3).
29
Let v(k) = -153*k**3 + 2*k**2 - 7*k + 6. Give v(1).
-152
Let b(t) = -5*t**2 - 208*t - 140. Give b(-41).
-17
Let h(l) = 152*l - 1198. What is h(8)?
18
Let c(s) = -12*s**2 - 9*s - 10. What is c(-4)?
-166
Let d(m) = -2*m**2 - 50*m + 116. Determine d(-28).
-52
Let l(n) = -3*n**2 - 430*n - 172. Determine l(-143).
-29
Let k(o) = -20150*o + 201505. What is k(10)?
5
Let p(j) = -5*j**3 + 67*j**2 - 139*j + 76. What is p(11)?
-1
Let a(g) = 35*g + 366. What is a(-15)?
-159
Let d(j) = -j**2 - 34*j - 22. What is d(-30)?
98
Let d(m) = -26180*m + 52354. Determine d(2).
-6
Let j(c) = -2*c**2 - 50*c + 164. What is j(4)?
-68
Let a(d) = d**2 + 32*d + 77. Give a(-25).
-98
Let p(r) = r**3 - 37*r**2 + 45*r - 144. Determine p(36).
180
Let a(w) = -4*w**2 - 291*w - 207. Determine a(-72).
9
Let k(u) = 4*u**2 + 19*u - 56. Determine k(-8).
48
Let t(g) = g**3 + 9*g**2 + 38*g + 359. What is t(-9)?
17
Let w(u) = -10*u**3 - 728*u**2 - 576*u - 10. Calculate w(-72).
-10
Let v(l) = -4*l**3 - 5*l**2 + 14*l + 23. Calculate v(-3).
44
Let m(d) = -19*d**3 - 17*d**2 - 4*d + 13. What is m(-4)?
973
Let q(m) = -61*m + 7847. Calculate q(129).
-22
Let a(o) = o**3 - 5*o**2 - o - 8. Determine a(6).
22
Let v(y) = -2*y**2 - 94*y + 51. What is v(-48)?
-45
Let r(n) = 182*n + 9460. What is r(-52)?
-4
Let h(d) = -588*d + 1890. Calculate h(3).
126
Let o(c) = 9*c + 365. Determine o(-43).
-22
Let l(i) = i**2 + 44*i - 434. What is l(14)?
378
Let t(b) = -2*b**2 - 14*b + 39. Determine t(3).
-21
Let a(o) = -2*o**3 + 101*o**2 + 45*o + 304. Determine a(51).
-2
Let v(j) = 19*j - 23. Calculate v(-4).
-99
Let l(v) = -184*v - 12144. Calculate l(-66).
0
Let v(x) = -24*x - 1802. Determine v(-76).
22
Let h(d) = d**3 - 89*d**2 + 166*d + 589. Calculate h(87).
-107
Let i(t) = -5*t**2 + 396*t + 1589. What is i(83)?
12
Let r(b) = -15*b**3 + 63*b**2 - 51*b - 4. What is r(3)?
5
Let t(r) = -r**2 + 32*r + 1794. Give t(62).
-66
Let y(c) = -c**2 - 4*c + 41. What is y(0)?
41
Let s(p) = p**3 + 14*p**2 - 43*p - 80. What is s(-16)?
96
Let i(r) = r**3 - 6*r**2 + 6*r + 6. What is i(0)?
6
Let m(r) = -r**3 - 23*r**2 + 76*r - 47. Give m(-26).
5
Let x(c) = -c**2 - 18*c - 43. Give x(-14).
13
Let q(h) = -2*h**2 - 30*h - 81. Calculate q(-12).
-9
Let k(n) = -5*n - 47. Determine k(47).
-282
Let f(v) = -v**2 - 27*v + 79. What is f(-29)?
21
Let f(j) = -2*j**3 + 18*j**2 - 11*j + 18. Calculate f(8).
58
Let v(u) = 22*u + 313. Calculate v(-14).
5
Let h(n) = -12*n + 884. What is h(74)?
-4
Let r(p) = p**2 - 53*p - 747. Determine r(-12).
33
Let o(b) = 75*b**2 - 53*b - 1. What is o(1)?
21
Let n(y) = -3*y**2 + 117*y - 588. Calculate n(33).
6
Let b(r) = -4*r**2 + 159*r + 661. Give b(-4).
-39
Let k(m) = 2*m**3 + 441*m**2 + 12220*m - 12. Give k(-188).
-12
Let b(v) = 12*v**3 + 72*v**2 + 4*v + 35. Calculate b(-6).
11
Let c(z) = 2*z**3 + 16*z**2 - 242*z + 54. Give c(-16).
-170
Let t(g) = -9618*g + 19237. Give t(2).
1
Let w(c) = 510*c + 13759. What is w(-27)?
-11
Let m(r) = -126*r + 14371. Determine m(114).
7
Let q(l) = -154*l + 840. What is q(5)?
70
Let o(m) = 2*m**3 + 26*m**2 - 233*m - 3085. Determine o(-12).
-1
Let q(n) = n**3 - 18*n**2 - 22*n - 82. Calculate q(19).
-139
Let b(c) = -35*c**2 - 134*c + 14. Calculate b(-5).
-191
Let c(l) = 3*l**2 - 11*l - 5. Give c(7).
65
Let k(w) = 19*w**3 - 5*w**2 + 11*w + 5. What is k(2)?
159
Let j(g) = g**3 + 8*g**2 + 9*g + 12. Give j(-5).
42
Let s(d) = 16*d**3 + 13*d**2 + 6*d + 7. What is s(-1)?
-2
Let v(u) = u**2 - 78*u + 204. What is v(72)?
-228
Let k(u) = -5*u**2 - 17*u - 25. Give k(-10).
-355
Let s(z) = -8*z**2 - 120*z + 131. Determine s(-16).
3
Let v(b) = -b**2 - 250*b - 2795. What is v(-12)?
61
Let c(u) = -96*u - 444. Determine c(-4).
-60
Let h(g) = g**3 + 8*g**2 + 3*g + 174. What is h(-9)?
66
Let c(f) = 8*f**2 - 24*f - 4. Determine c(5).
76
Let t(j) = 18565*j - 18559. What is t(1)?
6
Let w(m) = m**2 - 520*m - 38677. Calculate w(-66).
-1
Let w(i) = -i**3 + 2*i**2 + 33*i - 4. Calculate w(-6).
86
Let j(i) = -37*i + 1040. Determine j(28).
4
Let m(b) = -b**2 - 120*b - 2244. Calculate m(-97).
-13
Let q(o) = -o**3 - 13*o**2 - 100*o - 406. What is q(-7)?
0
Let w(c) = -c**2 - 9*c - 1. Calculate w(-13).
-53
Let a(f) = -34*f**3 - 8*f**2 - 4*f - 3. What is a(-2)?
245
Let n(p) = -p - 180. Give n(-30).
-150
Let k(o) = 2*o**2 + 33*o - 90. Calculate k(3).
27
Let k(u) = u**3 + 24*u**2 - 49*u + 26. Give k(-26).
-52
Let s(u) = u**3 - 13*u**2 - 17*u + 2. Give s(14).
-40
Let n(m) = -26*m + 133. What is n(5)?
3
Let i(v) = 874*v + 10519. Give i(-12).
31
Let v(f) = -14*f**2 + 22*f - 65. Give v(3).
-125
Let i(n) = -3*n**2 - 516*n + 3753. Calculate i(-179).
-6
Let f(b) = 3*b**2 - 37*b - 2. Give f(13).
24
Let z(u) = -20*u - 33. Give z(-2).
7
Let n(w) = -w**2 - 4344*w - 56308. Give n(-13).
-5
Let b(y) = 75*y + 17. Give b(3).
242
Let o(s) = 13*s**2 + 25*s. What is o(-2)?
2
Let c(g) = -10*g**3 - 48*g**2 + 12*g + 9. Give c(-5).
-1
Let g(k) = -2*k**2 - k + 250. What is g(11)?
-3
Let o(s) = -2*s**2 + 80*s - 93. Calculate o(39).
-15
Let y(v) = -1229*v - 4882. What is y(-4)?
34
Let m(c) = 5*c**2 + 24*c + 24. Calculate m(-1).
5
Let m(k) = k**3 - 146*k**2 - 176*k + 4237. Determine m(147).
-26
Let p(a) = a**2 - 18*a - 121. Give p(-5).
-6
Let r(d) = 156*d**3 - d**2 - 209*d + 210. What is r(1)?
156
Let h(u) = -694*u + 1334. What is h(3)?
-748
Let o(a) = 43*a**3 + 3*a**2 - 5*a + 4. Give o(1).
45
Let g(u) = 2*u**3 - 2*u**2 - 4*u + 7. Give g(1).
3
Let n(h) = h**3 - 11*h**2 - 8*h + 15. Give n(12).
63
Let j(p) = 71*p + 349. Determine j(7).
846
Let v(z) = z**3 - 20*z**2 - 18*z - 26. What is v(21)?
37
Let a(n) = -2*n**3 + 69*n**2 + 111*n - 104. Determine a(36).
4
Let y(z) = 34*z**2 - 2381*z + 54. Calculate y(70).
-16
Let u(o) = -90*o - 1163. Determine u(-13).
7
Let p(x) = 406*x - 2830. Calculate p(7).
12
Let w(l) = 227*l + 7029. Give w(-31).
-8
Let b(z) = 30*z**2 + 8*z + 8. Give b(-4).
456
Let t(o) = -o**3 - 8*o**2 - 12*o - 54. What is t(-9)?
135
Let r(f) = f**2 - 3*f - 1. Give r(2).
-3
Let t(l) = -473*l - 5170. Give t(-11).
33
Let j(v) = -28*v**2 + 159*v - 69. Calculate j(5).
26
Let a(g) = g**3 - 14*g**2 + 68*g - 44. Calculate a(5).
71
Let h(j) = 41*j**2 + 11*j + 16. Calculate h(-2).
158
Let j(w) = -w**3 + 20*w**2 + 28*w - 23. Calculate j(20).
537
Let u(d) = 2*d**3 + 18*d**2 + d + 75. Calculate u(-9).
66
Let n(m) = 15*m**2 - 3*m - 1. Give n(-5).
389
Let u(c) = 8*c**3 + 9*c**2 + 5*c - 17. Give u(-4).
-405
Let c(w) = -15*w**2 + 44*w - 106. Calculate c(3).
-109
Let c(t) = -8*t**3 - 22*t**2 - 8*t - 25. What is